8780 and 8300?
1660
What is the greatest common divisor of 3248530 and 6790?
970
Calculate the greatest common divisor of 1556 and 115964012.
1556
What is the greatest common divisor of 514059 and 27?
3
What is the highest common divisor of 947238257 and 81095?
16219
What is the greatest common factor of 27 and 373230963?
27
What is the highest common divisor of 242 and 44185702?
22
Calculate the highest common factor of 7537268 and 9948.
3316
What is the greatest common factor of 596182 and 284566?
1082
Calculate the highest common divisor of 32421928 and 792.
88
Calculate the greatest common divisor of 626397072 and 42.
42
What is the greatest common divisor of 1812 and 19585668?
12
What is the greatest common divisor of 30844 and 14524720?
2804
What is the highest common factor of 248485240 and 7520?
1880
What is the greatest common divisor of 31394 and 6952?
22
Calculate the greatest common divisor of 25304075 and 425.
425
What is the greatest common divisor of 1204736921 and 1511?
1511
Calculate the greatest common divisor of 9064196 and 170.
34
Calculate the highest common divisor of 28947 and 209219267.
9649
What is the greatest common factor of 3430 and 1259090?
70
What is the greatest common factor of 1530287802 and 6?
6
Calculate the highest common factor of 1714128 and 2184.
312
What is the highest common divisor of 20 and 16052645?
5
Calculate the greatest common divisor of 1302 and 19577306.
434
Calculate the greatest common factor of 9200629 and 2446.
1223
What is the greatest common divisor of 7463 and 47923?
17
What is the highest common factor of 1311138989 and 23?
23
Calculate the highest common divisor of 1404824 and 43296.
328
What is the highest common divisor of 3857012 and 16?
4
Calculate the greatest common factor of 12910107 and 29141.
161
What is the highest common factor of 1212132 and 6723?
249
Calculate the highest common divisor of 2242069 and 572557.
5351
Calculate the highest common factor of 7 and 3277160509.
7
Calculate the greatest common factor of 35296445 and 310.
155
Calculate the highest common factor of 2365679 and 28.
1
What is the highest common factor of 22 and 8022619?
11
Calculate the highest common factor of 1446 and 7842381.
723
What is the highest common factor of 25521704 and 3913?
559
What is the greatest common divisor of 3998 and 5711143?
1999
Calculate the greatest common divisor of 3324618 and 380160.
594
What is the greatest common factor of 5618 and 1378?
106
Calculate the greatest common divisor of 495 and 16010885.
55
What is the highest common divisor of 63 and 703628892?
9
What is the greatest common divisor of 32051532 and 24?
12
Calculate the greatest common factor of 96235138 and 1046.
1046
What is the greatest common divisor of 795 and 35375115?
795
Calculate the greatest common factor of 2601876 and 252492.
636
Calculate the highest common divisor of 29958 and 1629.
3
What is the greatest common divisor of 12741 and 7347?
93
Calculate the greatest common divisor of 1175 and 4650932.
47
What is the greatest common factor of 1000 and 4241375?
125
What is the greatest common divisor of 191521 and 110561?
253
What is the greatest common divisor of 34812 and 126642?
6
What is the greatest common divisor of 18656 and 2158178?
22
Calculate the greatest common divisor of 27 and 1020629241.
27
Calculate the highest common divisor of 28655377 and 543.
181
What is the highest common divisor of 44800 and 30741200?
2800
Calculate the greatest common divisor of 35 and 616025816.
7
What is the highest common divisor of 171 and 44706696?
57
Calculate the greatest common divisor of 94 and 63399334.
94
What is the greatest common factor of 149 and 178807?
1
What is the highest common factor of 226779876 and 828?
36
Calculate the greatest common divisor of 119048 and 315928.
184
What is the greatest common factor of 115764 and 2244?
132
Calculate the greatest common factor of 16077600 and 627.
33
Calculate the highest common factor of 19769 and 163187.
53
Calculate the highest common divisor of 7934 and 1017043592.
7934
Calculate the greatest common factor of 152036 and 329284.
764
What is the highest common divisor of 458864 and 256?
16
Calculate the highest common factor of 1898955 and 11115.
855
What is the highest common divisor of 1164051 and 225?
9
Calculate the highest common factor of 7014 and 145817553.
3507
What is the greatest common factor of 2357298 and 22836?
1038
Calculate the greatest common divisor of 3012100 and 2567236.
9268
What is the greatest common factor of 46878 and 75030042?
3606
Calculate the greatest common factor of 120 and 17872840.
40
Calculate the highest common divisor of 1378601708 and 5938.
5938
What is the greatest common factor of 5755952 and 416?
16
What is the greatest common divisor of 9329758 and 642?
214
What is the greatest common divisor of 327154 and 1295?
37
Calculate the greatest common divisor of 8278512 and 696.
24
Calculate the greatest common divisor of 64854 and 2406.
6
Calculate the highest common factor of 112636 and 347768.
116
What is the greatest common divisor of 946208 and 7712?
32
What is the highest common factor of 85929356 and 68?
68
What is the highest common divisor of 53541550 and 20?
10
Calculate the highest common divisor of 3075 and 5723600.
1025
What is the greatest common factor of 743820 and 212415?
735
Calculate the highest common divisor of 5955483 and 4181.
37
Calculate the highest common divisor of 40 and 2308612.
4
Calculate the greatest common divisor of 15120 and 98021664.
432
Calculate the greatest common factor of 713910696 and 36.
12
Calculate the greatest common factor of 680 and 3791765.
85
What is the greatest common factor of 78 and 321537?
3
Calculate the highest common factor of 1235104 and 7904.
416
Calculate the greatest common factor of 85 and 88344461.
17
What is the highest common divisor of 138228 and 768?
12
What is the greatest common factor of 38038 and 251420806?
3458
Calculate the greatest common divisor of 1412141 and 33.
1
What is the highest common factor of 64 and 16313888?
32
Calculate the greatest common factor of 35 and 61670980.
35
What is the greatest common divisor of 809 and 2133060367?
809
Calculate the greatest common factor of 1536367 and 10703.
973
Calculate the highest common divisor of 102072313 and 665.
133
What is the greatest common factor of 189581 and 13943?
73
Calculate the highest common factor of 7675 and 232925.
25
Calculate the highest common divisor of 1239683 and 59479.
293
What is the highest common factor of 1779920 and 75335?
95
What is the greatest common divisor of 85536 and 14589234?
5346
What is the highest common factor of 595633 and 45?
1
What is the highest common factor of 63232171 and 502?
251
Calculate the greatest common divisor of 47540633 and 126.
7
What is the greatest common factor of 5658140 and 100?
20
What is the highest common factor of 8589 and 15324?
3
Calculate the highest common divisor of 4410 and 229200930.
4410
Calculate the greatest common factor of 345 and 8128269.
69
Calculate the highest common divisor of 496 and 6364548.
124
What is the highest common factor of 34084982 and 3070?
614
Calculate the highest common factor of 196481 and 1001731.
3221
What is the greatest common divisor of 7042660 and 180?
20
What is the highest common factor of 1154 and 32653007?
577
What is the highest common factor of 10573 and 2381641?
97
What is the highest common divisor of 26418 and 169813?
119
Calculate the highest common factor of 23147499 and 14523.
309
What is the highest common factor of 129030831 and 903?
129
What is the highest common divisor of 476 and 19718657?
119
Calculate the greatest common factor of 13163219 and 17.
17
Calculate the highest common divisor of 666728710 and 30.
10
Calculate the greatest common divisor of 622 and 18706650.
622
Calculate the greatest common factor of 2065910 and 126.
14
Calculate the highest common divisor of 17970919 and 54263.
4933
What is the greatest common factor of 421415350 and 50?
50
What is the highest common divisor of 1799824 and 816?
272
Calculate the greatest common divisor of 358958092 and 9567.
1063
What is the highest common divisor of 510156 and 97236?
1332
What is the highest common facto